r of 111 and 4580267?
37
What is the greatest common divisor of 3760395 and 60?
15
What is the highest common factor of 6586 and 3567318?
74
What is the greatest common factor of 783 and 341010?
27
Calculate the greatest common divisor of 21614 and 10121614.
202
What is the greatest common divisor of 153 and 42454219?
17
What is the greatest common factor of 4947505 and 74005?
1805
Calculate the greatest common divisor of 12354 and 8745141.
213
What is the highest common divisor of 14140 and 70882810?
1010
Calculate the highest common factor of 47622990 and 21.
3
Calculate the highest common factor of 1089 and 2779733.
121
Calculate the greatest common factor of 124322082 and 6.
6
Calculate the highest common factor of 5107910 and 30.
10
Calculate the greatest common factor of 164 and 3770647.
41
What is the highest common divisor of 91937244 and 336?
84
What is the greatest common divisor of 3752192 and 256?
256
What is the highest common divisor of 55060 and 176620?
20
Calculate the greatest common divisor of 1566 and 1960690.
58
What is the greatest common divisor of 279 and 14973961?
31
What is the greatest common factor of 219246875 and 225?
25
What is the greatest common divisor of 40890804 and 73?
73
What is the highest common divisor of 12 and 74993484?
12
What is the greatest common factor of 10514799 and 837?
27
Calculate the highest common divisor of 3944 and 360760.
232
What is the highest common factor of 8 and 19575325?
1
What is the highest common divisor of 10858 and 755788?
178
What is the highest common divisor of 172 and 3644?
4
What is the highest common factor of 2241151 and 869?
869
Calculate the highest common factor of 6365 and 214863305.
6365
Calculate the highest common divisor of 18646321 and 2851439.
14929
What is the highest common factor of 12941855 and 205?
205
What is the greatest common divisor of 934848 and 15768?
216
Calculate the greatest common divisor of 9051 and 7353291.
1293
What is the highest common factor of 5186 and 128776159?
2593
Calculate the highest common factor of 2427536159 and 779.
779
What is the greatest common divisor of 116 and 163888?
4
Calculate the highest common factor of 1666 and 11334274.
238
Calculate the highest common divisor of 1767 and 6899391.
93
What is the greatest common factor of 175243 and 34472?
31
Calculate the greatest common factor of 162 and 20866887.
9
What is the highest common factor of 68016 and 11128?
104
Calculate the greatest common factor of 34609 and 837799.
653
Calculate the highest common factor of 215930 and 2201580.
1510
What is the greatest common divisor of 5049 and 1184458?
187
Calculate the greatest common divisor of 17480 and 775860.
20
Calculate the greatest common divisor of 509953 and 10109942.
4951
Calculate the greatest common divisor of 449274 and 1311.
57
What is the highest common divisor of 23652 and 171404?
292
Calculate the highest common divisor of 7670 and 3601.
13
Calculate the greatest common divisor of 114180978 and 6.
6
Calculate the highest common divisor of 26133142 and 54481.
1267
What is the greatest common divisor of 689 and 52844233?
689
What is the greatest common factor of 1760978 and 2438?
106
Calculate the greatest common factor of 30171 and 1182093.
339
Calculate the greatest common divisor of 104400 and 1244970.
2610
What is the greatest common factor of 60310 and 95?
5
Calculate the greatest common factor of 88507 and 635897.
67
What is the highest common factor of 7906 and 5453666?
134
What is the greatest common divisor of 1578815346 and 6?
6
Calculate the highest common divisor of 45189604 and 3842.
3842
What is the highest common divisor of 1251 and 6104277?
9
What is the highest common divisor of 11775553 and 13383?
1487
Calculate the greatest common divisor of 10800 and 9815040.
2160
Calculate the highest common divisor of 62421885 and 48645.
1035
Calculate the highest common divisor of 7311926 and 4208.
526
Calculate the highest common factor of 100 and 365428400.
100
Calculate the highest common factor of 1783530 and 111870.
90
Calculate the greatest common divisor of 71875 and 2124625.
2875
Calculate the highest common divisor of 47844 and 555876.
108
What is the greatest common divisor of 4692105 and 341?
11
Calculate the highest common divisor of 17044640 and 40.
40
What is the highest common factor of 5994 and 114501384?
1998
Calculate the greatest common divisor of 25169276 and 430716.
11044
Calculate the greatest common divisor of 234 and 86171358.
78
What is the greatest common factor of 14612 and 390884?
52
Calculate the highest common divisor of 66 and 43202049.
33
Calculate the highest common factor of 67144 and 48069.
763
Calculate the highest common divisor of 152796 and 4026838.
214
Calculate the highest common divisor of 157552 and 418949.
43
Calculate the greatest common divisor of 2740505 and 239235.
1945
What is the greatest common factor of 68324 and 20953892?
3596
Calculate the greatest common divisor of 775 and 8460.
5
Calculate the highest common divisor of 119484 and 2304.
36
What is the highest common factor of 989091 and 1323?
27
What is the highest common factor of 6648 and 137976?
24
What is the greatest common divisor of 162 and 6459988?
2
Calculate the highest common factor of 414118 and 34969382.
5242
Calculate the greatest common divisor of 19 and 9926.
1
What is the greatest common divisor of 4416 and 146595840?
192
Calculate the highest common factor of 24248 and 904.
8
Calculate the greatest common divisor of 1421 and 903553.
203
What is the greatest common divisor of 127871 and 8023?
71
Calculate the greatest common divisor of 939 and 206855753.
313
What is the highest common divisor of 14 and 8054970?
14
Calculate the greatest common divisor of 119794 and 25276.
178
Calculate the greatest common factor of 668935 and 12507.
379
What is the greatest common factor of 171076 and 152?
76
Calculate the greatest common divisor of 5175 and 13322175.
1725
What is the highest common factor of 1160 and 42819950?
290
Calculate the highest common factor of 206601283 and 3253.
3253
Calculate the greatest common divisor of 4823324 and 2464.
44
What is the highest common factor of 120 and 12824?
8
Calculate the greatest common factor of 736002 and 2372616.
558
What is the highest common factor of 43733340 and 270?
90
What is the highest common factor of 1264369 and 23137?
1361
Calculate the greatest common divisor of 8620 and 9418212.
1724
What is the highest common divisor of 514624825 and 3575?
3575
What is the greatest common divisor of 799 and 1968971?
47
What is the highest common divisor of 2 and 139969994?
2
Calculate the highest common factor of 28812775 and 2525.
2525
What is the greatest common divisor of 5067 and 57249?
9
What is the highest common divisor of 113519690 and 10?
10
What is the highest common divisor of 1702233 and 247?
13
Calculate the greatest common divisor of 2743375 and 51.
17
What is the highest common divisor of 831097 and 3759?
179
What is the highest common divisor of 39496796 and 2336?
292
Calculate the highest common factor of 462 and 35194530.
42
What is the highest common divisor of 516569 and 236851?
433
What is the highest common divisor of 170635 and 115?
5
Calculate the greatest common factor of 825 and 22612425.
825
What is the greatest common divisor of 133751 and 311125?
131
Calculate the greatest common factor of 101 and 2794972495.
101
What is the highest common divisor of 10488 and 3582792?
456
Calculate the highest common divisor of 11199565 and 559.
559
Calculate the greatest common factor of 2203011 and 11153.
587
What is the greatest common divisor of 4334 and 508654?
394
What is the highest common divisor of 1385085 and 1495?
65
Calculate the highest common divisor of 898 and 5076.
2
Calculate the greatest common factor of 3995357 and 85.
17
What is the greatest common divisor of 13187846 and 154?
14
Calculate the greatest common divisor of 6050 and 14180716.
242
What is the highest common factor of 2214 and 27880902?
2214
What is the highest common factor of 164 and 180628493?
41
Calculate the greatest common factor of 4879 and 23614811.
41
What is the greatest common divisor of 935262 and 1494?
18
What is the highest common factor of 